704, 3*s - 1019 = 4*k. Suppose -115 - 4 = -4*d + a, 5*d - 4*a - 135 = 0. What is the greatest common divisor of s and d?
31
Suppose 526 = 13*r - 410. What is the greatest common divisor of r and 8?
8
Let m(y) = 7*y**3 - 7*y**2 - 6*y + 74. Let g be m(5). What is the highest common divisor of g and 24?
24
Let w(h) = -4*h**3 - 4*h**2 - 2*h + 2. Let u be w(-2). Let k(d) = 2*d**2 - 21*d - 369. Let s be k(20). Calculate the greatest common divisor of s and u.
11
Let y be 93*4*(-4)/(-6). Calculate the greatest common divisor of 8 and y.
8
Let h be (-5*24/(-80))/((-2)/(-52)). Calculate the highest common divisor of 637 and h.
13
Let w be 104/39*6/4. Suppose -5*l + 22 = -3*l - k, w*l + k - 44 = 0. Let t be 1/3 + (-12)/(-18). Calculate the greatest common divisor of t and l.
1
Suppose -2*r + 15 - 3 = 0. Suppose r*b = 8*b - 20. Calculate the greatest common factor of 70 and b.
10
Suppose -34 = -3*d + 4*h, -2*d - 2 + 26 = -2*h. Suppose -27*a = -83*a + 392. What is the highest common divisor of d and a?
7
Let i be 10 + (-90)/(-10) + 9. What is the greatest common factor of i and 20?
4
Suppose -m + 415 = 2*l - 2539, 3*l - 4*m - 4409 = 0. Calculate the greatest common divisor of l and 59.
59
Let q = 112 + -97. Let m be (18/q)/(-2 - 86/(-40)). What is the greatest common factor of m and 56?
8
Let m = 626 + -566. What is the greatest common divisor of m and 75?
15
Let p = 48 - 38. Let a be 45*(0/(-3) + 1). Suppose 4*h - a = h. Calculate the greatest common factor of p and h.
5
Suppose 0 = 2*s - 39 + 7. Calculate the greatest common factor of s and 72.
8
Let q(i) = 8*i**2 + 10*i + 10. Let r be q(-6). Calculate the greatest common divisor of 14 and r.
14
Let w(h) = h**2 + 12*h + 9. Let t be w(-12). Let b be (-1806)/10 + (-8)/20. Let v be t/(-27) + b/(-3). Calculate the greatest common divisor of v and 15.
15
Suppose -3*o + 70 = o - 2*l, 3*o = -4*l + 47. Let h = 85 - 34. What is the greatest common factor of o and h?
17
Let r be 476/17*10/7. Suppose 5*s - 16 = 9. What is the greatest common factor of s and r?
5
Let h(o) = 28*o**3 + o. Let m be h(-1). Let v = 19 + m. Let g = -6 - v. Calculate the highest common divisor of 4 and g.
4
Let q = 262 + -135. Calculate the highest common factor of q and 1651.
127
Suppose 5*p + 14*t - 50 = 9*t, 3*p - 10 = t. What is the highest common factor of p and 80?
5
Suppose -3*x + 16*x + 156 = 0. Let f = 18 + x. Suppose -5*w - 4*u + 2 + 168 = 0, 35 = 2*w - 5*u. Calculate the greatest common factor of w and f.
6
Let k(d) = -d**3 - 4*d**2 - 3*d - 2. Let r be k(-3). Let i = r - -5. Let s = i - -25. Calculate the greatest common divisor of 14 and s.
14
Suppose 55 - 19 = 6*l. Calculate the greatest common divisor of 450 and l.
6
Let t(i) = -2*i**2 + 3*i + 8. Let g be t(-6). Let h = -36 - g. Suppose l = 2*v + 123, l - 95 = 3*v + 32. What is the highest common factor of h and l?
23
Let y be 4/7 + -6 + 18436/77. Calculate the highest common divisor of y and 90.
18
Let w(a) = 5*a - 14. Let v be w(7). Suppose -13*r = -10*r - v. What is the highest common factor of r and 7?
7
Let s be (-16 - 325/(-20)) + 835/4. Calculate the highest common divisor of s and 33.
11
Let g be 59 - 2/4*-2. Let f(t) = 7*t**3 - 25*t**2 - 2*t - 20. Let a be f(4). What is the greatest common factor of a and g?
20
Suppose 2*y = -2*x + 312, 8 = -2*x - 0*x. Let d = 113 - 49. Calculate the highest common factor of y and d.
32
Suppose -4*t - 5*k = -k - 124, 4*k = 3*t - 58. Suppose i = -3*u + 193, -8*u = -4*u - 2*i - 264. What is the highest common divisor of t and u?
13
Suppose -6*i + i = -3*x + 40, -i + 5 = 2*x. Suppose 16 - 86 = -2*h. What is the highest common factor of x and h?
5
Let g be (7701 + 18)/(3/1). Calculate the greatest common factor of g and 83.
83
Suppose -4*f = 30*f - 1972. Calculate the greatest common divisor of 2 and f.
2
Let r = 87 - 85. Let d = -225 - -329. Suppose -r*f + d = 8. What is the highest common factor of f and 16?
16
Let f be 311 + (8 - -4)/12. Calculate the greatest common divisor of 24 and f.
24
Suppose -9*x = -6*x - 6. Let k be ((-108)/21)/((-3)/14). Let w be (-94)/(-6) - (-8)/k. Calculate the highest common divisor of w and x.
2
Let r(w) = 2*w**2 + 41*w + 312. Let m be r(-13). What is the greatest common divisor of 36 and m?
9
Let j be ((-8)/(-6))/((-16)/(-312)). What is the greatest common divisor of j and 26?
26
Suppose u - 3*m = -47, 0*u - 2*u + 3*m = 91. Let f be (u/(-3))/(2/15). Calculate the greatest common factor of 10 and f.
10
Let v(g) = -24*g - 40. Let a be v(-4). Let o(z) = z**2 + 8*z - 1. Let d be o(-8). Let p be (-5 - (-3)/(-1))*d. Calculate the greatest common divisor of a and p.
8
Suppose 3*x + 25 = -2*x, w = -3*x - 13. Let m(c) = c**2 - c - 1. Let l be m(w). Let b be (6/4)/(l/30). Calculate the highest common factor of 18 and b.
9
Suppose 0 = -3*s + 2*p - 10, -2*s = p + 3 - 1. Let a be (-1752)/(-44) - s/11. Calculate the highest common factor of a and 16.
8
Suppose -13*p + 4004 = -8021. Calculate the greatest common factor of p and 25.
25
Let b = -198 - -222. Calculate the greatest common divisor of 12 and b.
12
Let d(z) = -z**3 + 8*z**2 - 7*z + 20. Suppose -2*o + 3*o = 7. Let k be d(o). Calculate the greatest common divisor of 4 and k.
4
Let w be 1/(10/(-16)) + 10/(-25). Let l be w*2 + 4*(-29)/(-2). Let m(p) = 6*p - 6. Let s be m(4). Calculate the highest common factor of l and s.
18
Let k = 354 + -326. What is the greatest common factor of k and 14?
14
Let l(k) = -k**2 + 6*k - 2. Let s be l(7). Let d be 2/(-8 + 4)*-58. Let o = d + s. Calculate the highest common divisor of 50 and o.
10
Let l(a) be the third derivative of -a**6/120 + 13*a**5/60 - 5*a**4/24 - a**3/2 + 13*a**2. Let d be l(12). What is the highest common divisor of d and 27?
27
Suppose 24*h - 2940 = 19*h. What is the greatest common factor of 28 and h?
28
Let l = 119 + -90. Calculate the highest common factor of 1 and l.
1
Suppose -2*s + 7*s - 10 = 0. Let g be (3 - s)/(3/12). What is the highest common divisor of g and 8?
4
Let v be 33700/26 + (1002/78 - 13). What is the highest common divisor of 81 and v?
81
Let a = 10 + 0. Suppose 0 = -g - 3*d + a, -g + 3*d + 1 = 3. Suppose -g = -4*y, -2*s - s + 3*y + 18 = 0. Calculate the highest common divisor of 21 and s.
7
Let n(g) = 26*g + 6. Let p be n(-3). Let r be (-80)/32*p/10. Calculate the highest common divisor of 18 and r.
18
Suppose -4*m + 28 + 60 = 0. Suppose 3*h = m + 8. Calculate the greatest common factor of 2 and h.
2
Let p = 67 - 55. Let n be (-3)/(-12) - ((-3765)/p + 2). What is the greatest common divisor of n and 39?
39
Let f(n) = -7*n - 7. Let h(u) = -u - 1. Let l(k) = f(k) - 4*h(k). Let w be l(4). Let g = 1 - w. Calculate the highest common divisor of 4 and g.
4
Let w = -3347 - -3416. What is the highest common divisor of w and 253?
23
Suppose 2350 = -10*r + 2560. What is the highest common factor of 51 and r?
3
Let x be 11/(86/(-44) + 2). Let j be ((-3)/6)/((-153)/(-78) + -2). Suppose 11*h + 44 = j*h. Calculate the greatest common factor of x and h.
22
Let r(j) = -j**3 + 14*j**2 + 16*j + 73. Let i be r(15). What is the highest common divisor of i and 11?
11
Let y(r) = -r**3 - 6*r**2 - 3*r - 2. Let j be y(-5). Let d be (-134)/(-3) + 8/j. Suppose -4*m - d = -6*m. Calculate the greatest common factor of m and 66.
22
Let c = -140 - -455. Calculate the greatest common factor of c and 30.
15
Suppose 2*w + 8*w = 80. Suppose w = 4*s + 4. Suppose 0 = 2*g - 8 - 0. What is the greatest common divisor of s and g?
1
Let u(b) = 4*b. Let q be u(2). Suppose -31 = -69*i + 38*i. Calculate the highest common divisor of q and i.
1
Let y be 20/35 + 12/(-21). Suppose t - 11 - 19 = y. Calculate the greatest common factor of 210 and t.
30
Let o = -5 - -11. Suppose o + 59 = v. Suppose 21 + 18 = 3*l. Calculate the greatest common divisor of v and l.
13
Let c be 21 + -1 - (66 - 74). What is the greatest common divisor of c and 63?
7
Let x = 73 + 161. What is the greatest common divisor of x and 126?
18
Let d be 0 + -2 + 20 - -1. Let k = -15 + d. Suppose -3*y - 4 = -k*y. Calculate the highest common factor of y and 32.
4
Let n = -260 + 272. Calculate the greatest common divisor of 42 and n.
6
Let u = 416 + -344. Calculate the greatest common divisor of 168 and u.
24
Suppose 0*l - 660 = 5*l. Let v = l - -231. Let z be 